{"id":11554,"date":"2023-01-16T14:01:59","date_gmt":"2023-01-16T13:01:59","guid":{"rendered":"https:\/\/portal.kiv-thueringen.de\/web\/?page_id=11554"},"modified":"2026-01-28T08:50:18","modified_gmt":"2026-01-28T07:50:18","slug":"digitalisierung","status":"publish","type":"page","link":"https:\/\/portal.kiv-thueringen.de\/web\/digitalisierung\/","title":{"rendered":"Digitalisierung"},"content":{"rendered":"<div class=\"section\">\n<h3>Digitalisierung<\/h3>\n<p>Der Unternehmensbereich Digitalisierung besch\u00e4ftigt sich u.a. mit der Abwicklung von Digitalisierungs- und eGovernmentprojekten. Das umfasst insbesondere F\u00f6rderprojekte in diesem Bereich, die OZG-Starterprojekte sowie EfA-Projekte. Au\u00dferdem unterst\u00fctzt der Bereich die anderen Bereiche bei der Erstellung und Abwicklung von F\u00f6rderprojekten. Der Bereich umfasst auch dass Team der Registrierungsstelle, welches alle erforderlichen Antr\u00e4ge f\u00fcr den Zugang zu den Systemen Ihres kommunalen IT-Dienstleisters bearbeitet.<\/p>\n<p>&nbsp;<\/p>\n<p><strong>Gmilkowsky, Thomas <\/strong>(Leitung)<br \/>\n+49 3621 45 08 (0) 15<br \/>\n<a href=\"mailto:tgmilkowsky@kiv-thueringen.de\">TGmilkowsky@kiv-thueringen.de<\/a><\/p>\n<\/div>\n<p>&nbsp;<\/p>\n<h5>Digitalisierung und eGovernment<\/h5>\n<p><b>Katharina J\u00e4hnel<\/b><br \/>\n+49 3621 45 08-31<br \/>\n<a href=\"mailto:kjaehnel@kiv-thueringen.de\">kjaehnel@kiv-thueringen.de<\/a><\/p>\n<p><strong>Ralph Knobelsdorf<\/strong><br \/>\n+49 3621 45 08-22<br \/>\n+49 176 100 235 29<br \/>\n<a href=\"mailto:rknobelsdorf@kiv-thueringen.de\">rknobelsdorf@kiv-thueringen.de<\/a><\/p>\n<p><strong>Elisabeth K\u00fcrsten\u00a0<\/strong><br \/>\n+49 3621 45 08-28<br \/>\n<a href=\"mailto:ekuersten@kiv-thueringen.de\">ekuersten@kiv-thueringen.de<\/a><\/p>\n<p><strong>Friederike Wilkening<\/strong><br \/>\n+49 3621 45 08-26<br \/>\n<a href=\"mailto:fwilkening@kiv-thueringen.de\">fwilkening@kiv-thueringen.de<\/a><\/p>\n<p>&nbsp;<\/p>\n<div class=\"section\">\n<h5>Registrierungsstelle<\/h5>\n<p><strong>Stefan Amling<\/strong><br \/>\n+49 3621 45 08 61<br \/>\n<a href=\"mailto:samling@kiv-thueringen.de\">samling@kiv-thueringen.de<\/a><\/p>\n<p><strong>Matthias Kiefer<\/strong><br \/>\n+49 3621 45 08 63<br \/>\n<a href=\"mailto:mkiefer@kiv-thueringen.de\">mkiefer@kiv-thueringen.de<\/a><\/p>\n<p>&nbsp;<\/p>\n<p>&nbsp;<\/p>\n<\/div>\n","protected":false},"excerpt":{"rendered":"<p>Digitalisierung Der Unternehmensbereich Digitalisierung besch\u00e4ftigt sich u.a. mit der Abwicklung von Digitalisierungs- und eGovernmentprojekten. Das umfasst insbesondere F\u00f6rderprojekte in diesem Bereich, die OZG-Starterprojekte sowie EfA-Projekte. Au\u00dferdem unterst\u00fctzt der Bereich die anderen Bereiche bei der Erstellung und Abwicklung von F\u00f6rderprojekten. Der&hellip;&nbsp;<a href=\"https:\/\/portal.kiv-thueringen.de\/web\/digitalisierung\/\" class=\"more-link\">weiterlesen<\/a><\/p>\n","protected":false},"author":7,"featured_media":0,"parent":0,"menu_order":0,"comment_status":"closed","ping_status":"closed","template":"","meta":{"footnotes":""},"class_list":["post-11554","page","type-page","status-publish","hentry"],"_links":{"self":[{"href":"https:\/\/portal.kiv-thueringen.de\/web\/wp-json\/wp\/v2\/pages\/11554","targetHints":{"allow":["GET"]}}],"collection":[{"href":"https:\/\/portal.kiv-thueringen.de\/web\/wp-json\/wp\/v2\/pages"}],"about":[{"href":"https:\/\/portal.kiv-thueringen.de\/web\/wp-json\/wp\/v2\/types\/page"}],"author":[{"embeddable":true,"href":"https:\/\/portal.kiv-thueringen.de\/web\/wp-json\/wp\/v2\/users\/7"}],"replies":[{"embeddable":true,"href":"https:\/\/portal.kiv-thueringen.de\/web\/wp-json\/wp\/v2\/comments?post=11554"}],"version-history":[{"count":10,"href":"https:\/\/portal.kiv-thueringen.de\/web\/wp-json\/wp\/v2\/pages\/11554\/revisions"}],"predecessor-version":[{"id":33431,"href":"https:\/\/portal.kiv-thueringen.de\/web\/wp-json\/wp\/v2\/pages\/11554\/revisions\/33431"}],"wp:attachment":[{"href":"https:\/\/portal.kiv-thueringen.de\/web\/wp-json\/wp\/v2\/media?parent=11554"}],"curies":[{"name":"wp","href":"https:\/\/api.w.org\/{rel}","templated":true}]}}