{"id":143,"date":"2018-02-27T17:32:58","date_gmt":"2018-02-27T16:32:58","guid":{"rendered":"http:\/\/192.168.152.35\/?page_id=143"},"modified":"2024-05-14T11:23:49","modified_gmt":"2024-05-14T09:23:49","slug":"kurzbeschreibung","status":"publish","type":"page","link":"https:\/\/portal.kiv-thueringen.de\/web\/unternehmen\/kurzbeschreibung\/","title":{"rendered":"Kurzbeschreibung"},"content":{"rendered":"<h1><span style=\"color: #ff9900;\">Wir sind kommunal.<\/span><\/h1>\n<h2><span style=\"font-size: 14pt;\">Die KIV Th\u00fcringen GmbH als IT-Partner f\u00fcr St\u00e4dte, Gemeinden, Verwaltungsgemeinschaften &amp; Landkreise<\/span><\/h2>\n<p>Jede Verwaltung hat ihre Spezifik: Organisationsstruktur, Zukunftsplanungen und -konzepte, Wirtschaftsfaktor, Einwohnercharakteristik, politische Strukturen und nicht zuletzt die aktuelle Finanzausstattung. Somit ist eine individuelle und auf die jeweilige Verwaltung abgestimmte Beratung und Betreuung f\u00fcr deren positive Entwicklung unerl\u00e4sslich. Die KIV Th\u00fcringen GmbH betreut seit \u00fcber 25 Jahren Verwaltungen vorrangig in Th\u00fcringen. Die umfassende und auf den einzelnen Anwender spezifizierte Betreuung steht hierbei im Vordergrund: <strong>kompetent. innovativ. verl\u00e4sslich.<\/strong><\/p>\n<blockquote><p><em><span style=\"color: #76b800;\"><span style=\"font-size: 14pt;\">\u201eMenschen, die miteinander arbeiten, addieren ihre Potenziale. Menschen, die f\u00fcreinander arbeiten, multiplizieren ihre Potenziale!\u201c<\/span> <\/span><\/em><br \/>\n<span style=\"color: #76b800; font-size: 8pt;\">Steffen Kirchner, Profisport Mentalcoach<\/span><\/p><\/blockquote>\n<p>Unser Produkt -und Leistungsportfolio umfasst die spezifische Beratung, die technische Umsetzung bis zum Echteinsatz und die dazu notwendigen Schulungen und Betreuungen. Wir sind Ihr Partner f\u00fcr alle Fragen der Verwaltungs-IT, von der Lieferung einzelner Fachverfahren und IT-Systemkomponenten bis hin zu kompletten Verwaltungsfusionen im Rahmen der Verwaltungs- und Gebietsreform.<\/p>\n<p>Die KIV Th\u00fcringen GmbH ist ein Unternehmen des Freistaats Th\u00fcringen, des Gemeinde -und St\u00e4dtebundes Th\u00fcringen e.V., der ekom21 &#8211; KGRZ Hessen und \u00fcber 150 Kommunen in Th\u00fcringen.<\/p>\n","protected":false},"excerpt":{"rendered":"<p>Wir sind kommunal. Die KIV Th\u00fcringen GmbH als IT-Partner f\u00fcr St\u00e4dte, Gemeinden, Verwaltungsgemeinschaften &amp; Landkreise Jede Verwaltung hat ihre Spezifik: Organisationsstruktur, Zukunftsplanungen und -konzepte, Wirtschaftsfaktor, Einwohnercharakteristik, politische Strukturen und nicht zuletzt die aktuelle Finanzausstattung. Somit ist eine individuelle und auf&hellip;&nbsp;<a href=\"https:\/\/portal.kiv-thueringen.de\/web\/unternehmen\/kurzbeschreibung\/\" class=\"more-link\">weiterlesen<\/a><\/p>\n","protected":false},"author":1,"featured_media":0,"parent":63,"menu_order":1,"comment_status":"closed","ping_status":"closed","template":"","meta":{"footnotes":""},"class_list":["post-143","page","type-page","status-publish","hentry"],"_links":{"self":[{"href":"https:\/\/portal.kiv-thueringen.de\/web\/wp-json\/wp\/v2\/pages\/143","targetHints":{"allow":["GET"]}}],"collection":[{"href":"https:\/\/portal.kiv-thueringen.de\/web\/wp-json\/wp\/v2\/pages"}],"about":[{"href":"https:\/\/portal.kiv-thueringen.de\/web\/wp-json\/wp\/v2\/types\/page"}],"author":[{"embeddable":true,"href":"https:\/\/portal.kiv-thueringen.de\/web\/wp-json\/wp\/v2\/users\/1"}],"replies":[{"embeddable":true,"href":"https:\/\/portal.kiv-thueringen.de\/web\/wp-json\/wp\/v2\/comments?post=143"}],"version-history":[{"count":13,"href":"https:\/\/portal.kiv-thueringen.de\/web\/wp-json\/wp\/v2\/pages\/143\/revisions"}],"predecessor-version":[{"id":15875,"href":"https:\/\/portal.kiv-thueringen.de\/web\/wp-json\/wp\/v2\/pages\/143\/revisions\/15875"}],"up":[{"embeddable":true,"href":"https:\/\/portal.kiv-thueringen.de\/web\/wp-json\/wp\/v2\/pages\/63"}],"wp:attachment":[{"href":"https:\/\/portal.kiv-thueringen.de\/web\/wp-json\/wp\/v2\/media?parent=143"}],"curies":[{"name":"wp","href":"https:\/\/api.w.org\/{rel}","templated":true}]}}