{"id":19710,"date":"2025-02-24T09:20:12","date_gmt":"2025-02-24T08:20:12","guid":{"rendered":"https:\/\/portal.kiv-thueringen.de\/web\/?page_id=19710"},"modified":"2025-05-21T14:32:15","modified_gmt":"2025-05-21T12:32:15","slug":"thueringer-digitalcampus-2025-aussteller-anmeldung","status":"publish","type":"page","link":"https:\/\/portal.kiv-thueringen.de\/web\/thueringer-digitalcampus-2025-aussteller-anmeldung\/","title":{"rendered":"Th\u00fcringer Digitalcampus 2025 &#8211; Aussteller-Anmeldung"},"content":{"rendered":"<p><strong>Vielen Dank f\u00fcr Ihr Interesse. Die Anmeldung f\u00fcr die Austeller ist abgeschlossen.<\/strong><\/p>\n<p>&nbsp;<\/p>\n<p>2025 ist es wieder soweit. Der TH\u00dcRINGER DIGITALCAMPUS 2025 findet seine 3. Auflage im CongressCentrum der Messe Erfurt.<\/p>\n<p>Im Rahmen des Th\u00fcringer DigitalCampus wird die Gesellschafterversammlung 2025 durchgef\u00fchrt.<\/p>\n<p>Buchen Sie jetzt Ihren Messestand f\u00fcr das Highlight 2025.<\/p>\n<p>Datum: <strong>11.06.2025<\/strong><br \/>\nOrt: <strong>CongressCentrum der Messe Erfurt<\/strong><\/p>\n<p><strong>Werden Sie einer von 2 exklusiven KIV<\/strong>[dPartner]<strong>!<\/strong><\/p>\n<p>Als Digitalisierungspartner 2025 der KIV Th\u00fcringen genie\u00dfen Sie viele Vorteile. Sie k\u00f6nnen nicht nur einen exklusiven Messestand buchen und einen exklusiven Vortragsslot kostenfrei erhalten, sondern Ihr Unternehmenslogo wird auf allen Pr\u00e4sentationen und Ver\u00f6ffentlichungen der KIV zum Thema Digitalcampus erscheinen. Gleichzeitig d\u00fcrfen Sie das<strong>\u00a0KIV[<\/strong>dPartner<strong>]<\/strong> Logo f\u00fcr das gesamte Jahr 2025 f\u00fcr Ihr Marketing nutzen. Sie werden Teil der Au\u00dfenwerbung und eine Flagge Ihres Unternehmens weht vor dem Th\u00fcringer DigitalCampus 2025.<\/p>\n<p>Alle Messest\u00e4nde sind mit WLAN, Strom und Teppich-Fu\u00dfboden (Ausnahmen sind im<br \/>\nBuchungssystem angegeben) ausgestattet.<\/p>\n<p>Wir freuen uns auf Ihre Teilnahme.<\/p>\n<p>Ihre KIV Th\u00fcringen GmbH \u2013 der Kommunale Dienstleister des Freistaates Th\u00fcringen<\/p>\n<p>_________________________________________________________________________________________________________________<\/p>\n<div id=\"main-wrapper\">\n<div id=\"chart-wrapper\"><\/div>\n<div id=\"booking-widget-wrapper\"><\/div>\n<\/div>\n<p>&nbsp;<\/p>\n","protected":false},"excerpt":{"rendered":"<p>Vielen Dank f\u00fcr Ihr Interesse. Die Anmeldung f\u00fcr die Austeller ist abgeschlossen. &nbsp; 2025 ist es wieder soweit. Der TH\u00dcRINGER DIGITALCAMPUS 2025 findet seine 3. Auflage im CongressCentrum der Messe Erfurt. Im Rahmen des Th\u00fcringer DigitalCampus wird die Gesellschafterversammlung 2025&hellip;&nbsp;<a href=\"https:\/\/portal.kiv-thueringen.de\/web\/thueringer-digitalcampus-2025-aussteller-anmeldung\/\" class=\"more-link\">weiterlesen<\/a><\/p>\n","protected":false},"author":20,"featured_media":0,"parent":0,"menu_order":0,"comment_status":"closed","ping_status":"closed","template":"","meta":{"footnotes":""},"class_list":["post-19710","page","type-page","status-publish","hentry"],"_links":{"self":[{"href":"https:\/\/portal.kiv-thueringen.de\/web\/wp-json\/wp\/v2\/pages\/19710","targetHints":{"allow":["GET"]}}],"collection":[{"href":"https:\/\/portal.kiv-thueringen.de\/web\/wp-json\/wp\/v2\/pages"}],"about":[{"href":"https:\/\/portal.kiv-thueringen.de\/web\/wp-json\/wp\/v2\/types\/page"}],"author":[{"embeddable":true,"href":"https:\/\/portal.kiv-thueringen.de\/web\/wp-json\/wp\/v2\/users\/20"}],"replies":[{"embeddable":true,"href":"https:\/\/portal.kiv-thueringen.de\/web\/wp-json\/wp\/v2\/comments?post=19710"}],"version-history":[{"count":10,"href":"https:\/\/portal.kiv-thueringen.de\/web\/wp-json\/wp\/v2\/pages\/19710\/revisions"}],"predecessor-version":[{"id":24713,"href":"https:\/\/portal.kiv-thueringen.de\/web\/wp-json\/wp\/v2\/pages\/19710\/revisions\/24713"}],"wp:attachment":[{"href":"https:\/\/portal.kiv-thueringen.de\/web\/wp-json\/wp\/v2\/media?parent=19710"}],"curies":[{"name":"wp","href":"https:\/\/api.w.org\/{rel}","templated":true}]}}