{"id":33803,"date":"2026-02-12T12:17:07","date_gmt":"2026-02-12T11:17:07","guid":{"rendered":"https:\/\/portal.kiv-thueringen.de\/web\/?page_id=33803"},"modified":"2026-02-19T21:09:37","modified_gmt":"2026-02-19T20:09:37","slug":"beraterin-fuer-kommunales-finanzwesen-m-w-d","status":"publish","type":"page","link":"https:\/\/portal.kiv-thueringen.de\/web\/beraterin-fuer-kommunales-finanzwesen-m-w-d\/","title":{"rendered":"Berater*in f\u00fcr kommunales Finanzwesen (m\/w\/d)"},"content":{"rendered":"<p>Als zentraler IT-Dienstleister f\u00fcr die Th\u00fcringer Kommunen sind wir \u2013 die <strong>Kommunale Informationsverarbeitung Th\u00fcringen GmbH (KIV Th\u00fcringen)<\/strong> \u2013 ein modernes, kommunal getragenes Unternehmen. Im Auftrag des Freistaats Th\u00fcringen, des Gemeinde- und St\u00e4dtebundes sowie vieler Kommunen begleiten wir unsere Kunden bei der digitalen Transformation: von der IT-Beratung \u00fcber den Softwarebetrieb bis hin zur Entwicklung ma\u00dfgeschneiderter L\u00f6sungen \u2013 inklusive eigenem Rechenzentrum.<\/p>\n<p><strong>Gestalte mit uns die digitale Zukunft der \u00f6ffentlichen Verwaltung in Th\u00fcringen!<\/strong><\/p>\n<p>F\u00fcr unseren Fachbereich kommunales Finanzwesen suchen wir ab sofort eine\/n<\/p>\n<h1><strong>Berater*in f\u00fcr kommunales Finanzwesen (m\/w\/d)<\/strong><\/h1>\n<p><strong>Standort:<\/strong> Gotha &amp; mobiles Arbeiten | <strong>Arbeitszeit:<\/strong> Teil-\/Vollzeit | <strong>Verg\u00fctung:<\/strong> in Anlehnung an TV\u00f6D<\/p>\n<h4><strong>Deine Aufgaben:<\/strong><\/h4>\n<ul>\n<li>Fachkundige Beratung und Betreuung unserer kommunalen Kunden in den Bereichen K\u00e4mmerei, Steueramt und Kasse<\/li>\n<li>Begleitung der Einf\u00fchrung, Erweiterung und Optimierung von Fachanwendungen im kommunalen Finanzwesen (H&amp;H proDoppik)<\/li>\n<li>Durchf\u00fchrung von Schulungen, Workshops und Anwenderberatungen<\/li>\n<li>Analyse komplexer Anforderungen und Erarbeitung passgenauer IT-L\u00f6sungen<\/li>\n<li>Projektarbeit im Bereich Informationssicherheit und Digitalisierung kommunaler Prozesse<\/li>\n<li>Enge Zusammenarbeit mit unseren internen IT-Experten, externen Softwarepartnern und den Verwaltungen vor Ort<\/li>\n<\/ul>\n<p>&nbsp;<\/p>\n<h4><strong>Das bringst Du mit:<\/strong><\/h4>\n<ul>\n<li>Ein abgeschlossenes (Fach-) Hochschulstudium oder eine abgeschlossene Ausbildung im Verwaltungs-, Finanz- oder kaufm\u00e4nnischen Bereich<\/li>\n<li>Fundierte Kenntnisse in der <u>kameralen<\/u> und\/oder doppischen Haushaltsf\u00fchrung<\/li>\n<li>W\u00fcnschenswert sind Kenntnisse im Programm H&amp;H proDoppik<\/li>\n<li>Sicherer Umgang mit MS Office und Affinit\u00e4t zu digitalen Verwaltungsprozessen<\/li>\n<li>Ausgepr\u00e4gte Kommunikations- und Teamf\u00e4higkeit sowie Freude am Kundenkontakt<\/li>\n<li>Selbstst\u00e4ndige, strukturierte Arbeitsweise und Bereitschaft zu gelegentlichen Dienstreisen innerhalb Th\u00fcringens<\/li>\n<li>F\u00fchrerschein Klasse B<\/li>\n<\/ul>\n<p>&nbsp;<\/p>\n<h4><strong>Das erwartet Dich bei uns<\/strong><\/h4>\n<ul>\n<li>Sinnstiftende T\u00e4tigkeit in einem dynamischen, kommunalen Umfeld mit gesellschaftlicher Verantwortung<\/li>\n<li>Flexible Arbeitszeiten, mobiles Arbeiten und moderne IT-Ausstattung f\u00fcr eine ausgewogene Work-Life-Balance<\/li>\n<li>Ein sicherer Arbeitsplatz mit attraktiven Sozialleistungen und umfangreichen Mitarbeiter-Benefits<\/li>\n<li>Arbeitsplatz im Herzen von Gotha mit guter \u00d6PNV-Anbindung<\/li>\n<li>Strukturierte Einarbeitung sowie individuelle Fort- und Weiterbildungsm\u00f6glichkeiten<\/li>\n<li>Leistungsgerechte Verg\u00fctung in Anlehnung an den TV\u00f6D<\/li>\n<\/ul>\n<p>&nbsp;<\/p>\n<h4><strong>Jetzt bist Du gefragt!:<\/strong><\/h4>\n<p>Bring Deine Ideen, Deine Expertise und Dein Engagement ein \u2013 und gestalte gemeinsam mit uns die digitale Verwaltung von morgen.<\/p>\n<p>Wenn Du in einem zukunftsorientierten Team aktiv viel bewegen und gestalten m\u00f6chtest, freuen wir uns auf Deine Bewerbung unter Angabe Deiner Gehaltsvorstellung sowie Deines fr\u00fchestm\u00f6glichen Starttermins per E-Mail an:<\/p>\n<p><strong><a href=\"mailto:bewerbung@kiv-thueringen.de\" target=\"_blank\" rel=\"noreferrer noopener\">bewerbung@kiv-thueringen.de<\/a>.<\/strong><\/p>\n<p>Bewerbungsfrist: 07.04.2026<\/p>\n","protected":false},"excerpt":{"rendered":"<p>Als zentraler IT-Dienstleister f\u00fcr die Th\u00fcringer Kommunen sind wir \u2013 die Kommunale Informationsverarbeitung Th\u00fcringen GmbH (KIV Th\u00fcringen) \u2013 ein modernes, kommunal getragenes Unternehmen. Im Auftrag des Freistaats Th\u00fcringen, des Gemeinde- und St\u00e4dtebundes sowie vieler Kommunen begleiten wir unsere Kunden bei&hellip;&nbsp;<a href=\"https:\/\/portal.kiv-thueringen.de\/web\/beraterin-fuer-kommunales-finanzwesen-m-w-d\/\" class=\"more-link\">weiterlesen<\/a><\/p>\n","protected":false},"author":9,"featured_media":0,"parent":0,"menu_order":0,"comment_status":"closed","ping_status":"closed","template":"","meta":{"footnotes":""},"class_list":["post-33803","page","type-page","status-publish","hentry"],"_links":{"self":[{"href":"https:\/\/portal.kiv-thueringen.de\/web\/wp-json\/wp\/v2\/pages\/33803","targetHints":{"allow":["GET"]}}],"collection":[{"href":"https:\/\/portal.kiv-thueringen.de\/web\/wp-json\/wp\/v2\/pages"}],"about":[{"href":"https:\/\/portal.kiv-thueringen.de\/web\/wp-json\/wp\/v2\/types\/page"}],"author":[{"embeddable":true,"href":"https:\/\/portal.kiv-thueringen.de\/web\/wp-json\/wp\/v2\/users\/9"}],"replies":[{"embeddable":true,"href":"https:\/\/portal.kiv-thueringen.de\/web\/wp-json\/wp\/v2\/comments?post=33803"}],"version-history":[{"count":4,"href":"https:\/\/portal.kiv-thueringen.de\/web\/wp-json\/wp\/v2\/pages\/33803\/revisions"}],"predecessor-version":[{"id":33999,"href":"https:\/\/portal.kiv-thueringen.de\/web\/wp-json\/wp\/v2\/pages\/33803\/revisions\/33999"}],"wp:attachment":[{"href":"https:\/\/portal.kiv-thueringen.de\/web\/wp-json\/wp\/v2\/media?parent=33803"}],"curies":[{"name":"wp","href":"https:\/\/api.w.org\/{rel}","templated":true}]}}