{"id":456,"date":"2018-05-04T14:42:19","date_gmt":"2018-05-04T12:42:19","guid":{"rendered":"http:\/\/192.168.152.35\/?page_id=456"},"modified":"2026-05-15T09:56:27","modified_gmt":"2026-05-15T07:56:27","slug":"antraege-und-formulare","status":"publish","type":"page","link":"https:\/\/portal.kiv-thueringen.de\/web\/support\/antraege-und-formulare\/","title":{"rendered":"Antr\u00e4ge und Formulare"},"content":{"rendered":"<h1><span style=\"color: #ff9900;\">Antr\u00e4ge und Formulare<\/span><\/h1>\r\n<p>Auf dieser Seite k\u00f6nnen Sie Antr\u00e4ge und Formulare f\u00fcr verschiedene Verwendungszwecke herunterladen.<\/p>\r\n<h3>Gesellschaftershop<\/h3>\r\n<ul>\r\n<li><a href=\"https:\/\/portal.kiv-thueringen.de\/web\/wp-content\/uploads\/2021\/02\/Antrag_Zugang_Gesellschafter-Shop.pdf\">Antrag Zugang Gesellschaftershop<\/a><\/li>\r\n<\/ul>\r\n<h3>\u00a0<\/h3>\r\n<h3>KIV Ticketsystem:<\/h3>\r\n<ul>\r\n<li><a href=\"https:\/\/portal.kiv-thueringen.de\/web\/wp-content\/uploads\/2026\/03\/V1_4_1_0_2_76-Antrag-Nutzung-Ticketsystem-Zammad-Kunde-V1_2.pdf\">Antrag Ticketsystem KIV<\/a><\/li>\r\n<\/ul>\r\n<p>&nbsp;<\/p>\r\n<h3>Digitalisierung\/e-Government:<\/h3>\r\n<ul>\r\n<li><a href=\"https:\/\/portal.kiv-thueringen.de\/web\/wp-content\/uploads\/2023\/01\/V1_4_1_0_2_26_3-Antrag-TestZugang-OZG-Integrationsplattform_v1_2.pdf\" target=\"_blank\" rel=\"noopener\">Antrag Nutzerzugang Testsystem KommunalGateway<\/a><\/li>\r\n<li><a href=\"https:\/\/portal.kiv-thueringen.de\/web\/wp-content\/uploads\/2023\/01\/V1_4_1_0_2_26_1-Antrag-Nutzung-Thueringer-OZG-Integrationsplattform_v2_1.pdf\" target=\"_blank\" rel=\"noopener\">Antrag Ersteinrichtung Th\u00fcringer OZG-Integrationsplattform<\/a><\/li>\r\n<li><a href=\"https:\/\/portal.kiv-thueringen.de\/web\/wp-content\/uploads\/2025\/10\/V1_4_1_0_2_26_3-Antrag-Zugang-OZG-Integrationsplattform_v1_6.pdf\">Antrag Nutzerzugang KommunalGateway-Client<\/a><\/li>\r\n<li><a href=\"https:\/\/portal.kiv-thueringen.de\/web\/wp-content\/uploads\/2024\/06\/V1_4_1_0_2_140-Antrag-Zugang-Langzeitarchiv-RZ-fuer-Online-Dienste_V1_0.pdf\" target=\"_blank\" rel=\"noopener\">Antrag Zugang Langzeitarchiv RZ f\u00fcr OnlinenDienste<\/a><\/li>\r\n<\/ul>\r\n<h3>\u00a0<\/h3>\r\n<h3>Buchhaltung:<\/h3>\r\n<ul>\r\n<li><a href=\"https:\/\/portal.kiv-thueringen.de\/web\/wp-content\/uploads\/2025\/06\/V1_4_1_0_2_110_1-Antrag-elektronischer-Rechnungsversand-E-Rechnung_V2_0.pdf\">Antrag elektronischer Rechnungsversand<\/a><\/li>\r\n<li><a href=\"https:\/\/portal.kiv-thueringen.de\/web\/wp-content\/uploads\/2025\/03\/V1_4_1_0_2_110_2-Antrag-Kunden-Rechnungsanschrift_V1.pdf\">Antrag Kunden-\/Rechnungsanschrift<\/a><\/li>\r\n<\/ul>\r\n<h3>\u00a0<\/h3>\r\n<h3>E-Rechnung:<\/h3>\r\n<ul>\r\n<li><a href=\"https:\/\/portal.kiv-thueringen.de\/web\/wp-content\/uploads\/2020\/01\/V1_4_1_0_2_xx-Antrag-Mail-Server_V1_0-002.pdf\" target=\"_blank\" rel=\"noopener noreferrer\">Antrag Zugang Mail-Archiv<\/a><\/li>\r\n<li><a href=\"https:\/\/portal.kiv-thueringen.de\/web\/wp-content\/uploads\/2024\/06\/V1_4_1_0_2_13-Antrag-eRechnung-Langzeitarchiv-RZ_V1_1.pdf\" target=\"_blank\" rel=\"noopener\">Antrag eRechnung Langzeitarchiv<\/a><\/li>\r\n<li><a href=\"https:\/\/portal.kiv-thueringen.de\/web\/wp-content\/uploads\/2021\/10\/V1_4_1_0_2_16-Antrag-CA-Zertifikat.pdf\">Antrag Benutzerzertifikat<\/a><\/li>\r\n<\/ul>\r\n<p>&nbsp;<\/p>\r\n<h3>Finanzwesen:<\/h3>\r\n<ul>\r\n<li><a href=\"https:\/\/portal.kiv-thueringen.de\/web\/wp-content\/uploads\/2026\/02\/V1_4_1_0_2_50-Antrag-proDoppik-RZ_V1_1.pdf\" target=\"_blank\" rel=\"noopener\">Antrag Verfahrenszugang H&amp;H proDoppik<\/a><\/li>\r\n<\/ul>\r\n<p>&nbsp;<\/p>\r\n<h3>Friedhofswesen:<\/h3>\r\n<ul>\r\n<li><a href=\"https:\/\/portal.kiv-thueringen.de\/web\/wp-content\/uploads\/2024\/06\/V1_4_1_0_2_040-Antrag-webFRIED-RZ_V2_0.pdf\">Antrag Verfahrenszugang webFRIED<\/a><\/li>\r\n<\/ul>\r\n<p>&nbsp;<\/p>\r\n<h3>Liegenschaften:<\/h3>\r\n<ul>\r\n<li><a href=\"https:\/\/portal.kiv-thueringen.de\/web\/wp-content\/uploads\/2023\/01\/Antrag_Zugriff_webFLUR_RZ_2023-1.pdf\" target=\"_blank\" rel=\"noopener\">Antrag Verfahrenszugang webFLUR<\/a><\/li>\r\n<\/ul>\r\n<p>&nbsp;<\/p>\r\n<h3>Lohn und Gehalt:<\/h3>\r\n<ul>\r\n<li><a href=\"https:\/\/portal.kiv-thueringen.de\/web\/wp-content\/uploads\/2020\/07\/01_-_antrag_verfahrenszugang_loga.pdf\">Antrag Verfahrenszugang LOGA<\/a><\/li>\r\n<li><a href=\"https:\/\/portal.kiv-thueringen.de\/web\/wp-content\/uploads\/2026\/05\/V1_4_1_0_2_45-Antrag-LOGA-Datentransfer_V1_1.pdf\">Antrag Zugang LOGA Datentransfer<\/a><\/li>\r\n<\/ul>\r\n<p>&nbsp;<\/p>\r\n<h3>Meldewesen:<\/h3>\r\n<ul>\r\n<li><a href=\"https:\/\/portal.kiv-thueringen.de\/web\/wp-content\/uploads\/2024\/01\/V1_4_1_0_2_090_1-Antrag-VOIS-RZ_V2_1.pdf\">Antrag Verfahrenszugang VOIS<\/a><\/li>\r\n<li><a href=\"https:\/\/portal.kiv-thueringen.de\/web\/wp-content\/uploads\/2024\/10\/V1_4_1_0_2_90_2-Antrag-VOIS-MIA-RZ_V1_2.pdf\" target=\"_blank\" rel=\"noopener\">Antrag Verfahrenszugang VOIS-MIA<\/a><\/li>\r\n<\/ul>\r\n<p>&nbsp;<\/p>\r\n<h3>Ordnungswidrigkeiten:<\/h3>\r\n<ul>\r\n<li><a href=\"https:\/\/portal.kiv-thueringen.de\/web\/wp-content\/uploads\/2026\/02\/Benutzerantrag_owi21.pdf\">Antrag Verfahrenszugang owi21<\/a><\/li>\r\n<li><a href=\"https:\/\/portal.kiv-thueringen.de\/web\/wp-content\/uploads\/2018\/12\/Benutzerantrag_owi21ToGo.pdf\" target=\"_blank\" rel=\"noopener noreferrer\">Antrag Verfahrenszugang owi21ToGo<\/a><\/li>\r\n<\/ul>\r\n<p>&nbsp;<\/p>\r\n<h3>Standesamtswesen:<\/h3>\r\n<ul>\r\n<li><a href=\"https:\/\/portal.kiv-thueringen.de\/web\/wp-content\/uploads\/2025\/10\/V1_4_1_0_2_70_1-Antrag-AutiSta-RZ_V2_2.pdf\" target=\"_blank\" rel=\"noopener noreferrer\">Antrag Verfahrenszugang AutiSta<\/a><\/li>\r\n<\/ul>\r\n<h3>\u00a0<\/h3>\r\n<h3>Technik:<\/h3>\r\n<ul>\r\n<li><a href=\"https:\/\/portal.kiv-thueringen.de\/web\/wp-content\/uploads\/2026\/02\/V1_4_1_0_2_220-Antrag-VDI-RZ_V1_0.pdf\">Antrag Zugang VDI \u2013 KIV[vOffice]<\/a><\/li>\r\n<\/ul>\r\n","protected":false},"excerpt":{"rendered":"<p>Antr\u00e4ge und Formulare Auf dieser Seite k\u00f6nnen Sie Antr\u00e4ge und Formulare f\u00fcr verschiedene Verwendungszwecke herunterladen. Gesellschaftershop Antrag Zugang Gesellschaftershop \u00a0 KIV Ticketsystem: Antrag Ticketsystem KIV &nbsp; Digitalisierung\/e-Government: Antrag Nutzerzugang Testsystem KommunalGateway Antrag Ersteinrichtung Th\u00fcringer OZG-Integrationsplattform Antrag Nutzerzugang KommunalGateway-Client Antrag Zugang&hellip;&nbsp;<a href=\"https:\/\/portal.kiv-thueringen.de\/web\/support\/antraege-und-formulare\/\" class=\"more-link\">weiterlesen<\/a><\/p>\n","protected":false},"author":6,"featured_media":0,"parent":49,"menu_order":0,"comment_status":"closed","ping_status":"closed","template":"","meta":{"footnotes":""},"class_list":["post-456","page","type-page","status-publish","hentry"],"_links":{"self":[{"href":"https:\/\/portal.kiv-thueringen.de\/web\/wp-json\/wp\/v2\/pages\/456","targetHints":{"allow":["GET"]}}],"collection":[{"href":"https:\/\/portal.kiv-thueringen.de\/web\/wp-json\/wp\/v2\/pages"}],"about":[{"href":"https:\/\/portal.kiv-thueringen.de\/web\/wp-json\/wp\/v2\/types\/page"}],"author":[{"embeddable":true,"href":"https:\/\/portal.kiv-thueringen.de\/web\/wp-json\/wp\/v2\/users\/6"}],"replies":[{"embeddable":true,"href":"https:\/\/portal.kiv-thueringen.de\/web\/wp-json\/wp\/v2\/comments?post=456"}],"version-history":[{"count":116,"href":"https:\/\/portal.kiv-thueringen.de\/web\/wp-json\/wp\/v2\/pages\/456\/revisions"}],"predecessor-version":[{"id":35685,"href":"https:\/\/portal.kiv-thueringen.de\/web\/wp-json\/wp\/v2\/pages\/456\/revisions\/35685"}],"up":[{"embeddable":true,"href":"https:\/\/portal.kiv-thueringen.de\/web\/wp-json\/wp\/v2\/pages\/49"}],"wp:attachment":[{"href":"https:\/\/portal.kiv-thueringen.de\/web\/wp-json\/wp\/v2\/media?parent=456"}],"curies":[{"name":"wp","href":"https:\/\/api.w.org\/{rel}","templated":true}]}}