{"id":5,"date":"2018-02-23T14:14:14","date_gmt":"2018-02-23T13:14:14","guid":{"rendered":"http:\/\/192.168.152.35\/wordpress\/?page_id=5"},"modified":"2018-05-24T13:16:38","modified_gmt":"2018-05-24T11:16:38","slug":"loesungen","status":"publish","type":"page","link":"https:\/\/portal.kiv-thueringen.de\/web\/loesungen\/","title":{"rendered":"L\u00f6sungen"},"content":{"rendered":"<h1><span style=\"color: #ff9900;\"><strong>Neue Herausforderungen im Blick.<\/strong><\/span><\/h1>\n<h2><span style=\"font-size: 14pt;\">Die KIV Th\u00fcringen GmbH bietet ma\u00dfgeschneiderte L\u00f6sungen f\u00fcr aktuelle Herausforderungen und hat dabei insbesondere Ihren Investitionsschutz im Blick.<\/span><\/h2>\n<p>Unser Unternehmen entwickelt sich permanent weiter. Wir erschlie\u00dfen neue Aufgabengebiete, um Sie bestm\u00f6glich zu unterst\u00fctzen. So blicken wir auf einen langen Zeitraum erfolgreicher Betreuung unserer Kunden zur\u00fcck. Ihre Ideen und Anforderungen bilden wiederum die Basis unserer Fortentwicklung.<\/p>\n<blockquote><p><span style=\"color: #76b800;\"><em><span style=\"font-size: 14pt;\">&#8222;Das Problem zu erkennen ist wichtiger als die L\u00f6sung zu erkennen, denn die genaue Darstellung des Problems f\u00fchrt zur L\u00f6sung.&#8220;<\/span><\/em><\/span><br \/>\n<span style=\"color: #76b800; font-size: 8pt;\"> Albert Einstein<\/span><\/p><\/blockquote>\n<p>Rund 50 Verfahren h\u00e4lt die KIV Th\u00fcringen in ihrem Portfolio f\u00fcr Sie bereit \u2013 f\u00fcr jede Aufgabenstellung, f\u00fcr jeden Fachbereich Ihrer Verwaltung. Dazu geh\u00f6rt nicht nur die passgenaue Software, sondern auch die qualifizierte Beratung, permanente Weiterentwicklung und fortlaufende Pflege. \u00dcber 400 Kunden vertrauen schon der KIV Th\u00fcringen.<\/p>\n<p>Auf den folgenden Seiten informieren wir Sie \u00fcber unsere L\u00f6sungen zu den aktuellsten Herausforderungen, vor denen die Verwaltungen in Th\u00fcringen stehen.<\/p>\n","protected":false},"excerpt":{"rendered":"<p>Neue Herausforderungen im Blick. Die KIV Th\u00fcringen GmbH bietet ma\u00dfgeschneiderte L\u00f6sungen f\u00fcr aktuelle Herausforderungen und hat dabei insbesondere Ihren Investitionsschutz im Blick. Unser Unternehmen entwickelt sich permanent weiter. Wir erschlie\u00dfen neue Aufgabengebiete, um Sie bestm\u00f6glich zu unterst\u00fctzen. So blicken wir&hellip;&nbsp;<a href=\"https:\/\/portal.kiv-thueringen.de\/web\/loesungen\/\" class=\"more-link\">weiterlesen<\/a><\/p>\n","protected":false},"author":1,"featured_media":0,"parent":0,"menu_order":8,"comment_status":"closed","ping_status":"closed","template":"","meta":{"footnotes":""},"class_list":["post-5","page","type-page","status-publish","hentry"],"_links":{"self":[{"href":"https:\/\/portal.kiv-thueringen.de\/web\/wp-json\/wp\/v2\/pages\/5","targetHints":{"allow":["GET"]}}],"collection":[{"href":"https:\/\/portal.kiv-thueringen.de\/web\/wp-json\/wp\/v2\/pages"}],"about":[{"href":"https:\/\/portal.kiv-thueringen.de\/web\/wp-json\/wp\/v2\/types\/page"}],"author":[{"embeddable":true,"href":"https:\/\/portal.kiv-thueringen.de\/web\/wp-json\/wp\/v2\/users\/1"}],"replies":[{"embeddable":true,"href":"https:\/\/portal.kiv-thueringen.de\/web\/wp-json\/wp\/v2\/comments?post=5"}],"version-history":[{"count":15,"href":"https:\/\/portal.kiv-thueringen.de\/web\/wp-json\/wp\/v2\/pages\/5\/revisions"}],"predecessor-version":[{"id":450,"href":"https:\/\/portal.kiv-thueringen.de\/web\/wp-json\/wp\/v2\/pages\/5\/revisions\/450"}],"wp:attachment":[{"href":"https:\/\/portal.kiv-thueringen.de\/web\/wp-json\/wp\/v2\/media?parent=5"}],"curies":[{"name":"wp","href":"https:\/\/api.w.org\/{rel}","templated":true}]}}