{"id":6007,"date":"2021-02-03T10:03:27","date_gmt":"2021-02-03T09:03:27","guid":{"rendered":"https:\/\/portal.kiv-thueringen.de\/web\/?page_id=6007"},"modified":"2021-02-03T10:03:27","modified_gmt":"2021-02-03T09:03:27","slug":"hinweis-zu-e-mail-anhaengen","status":"publish","type":"page","link":"https:\/\/portal.kiv-thueringen.de\/web\/hinweis-zu-e-mail-anhaengen\/","title":{"rendered":"Hinweis zu E-Mail-Anh\u00e4ngen"},"content":{"rendered":"<h3 class=\"paragraph h2\">Einschr\u00e4nkungen beim E-Mail-Empfang von Office-Dokumenten<\/h3>\n<p class=\"paragraph\">\nF\u00fcr die KIV Th\u00fcringen als zertifiziertes Rechenzentrum hat die Erhaltung des h\u00f6chsten IT-Sicherheitsniveaus die oberste Priorit\u00e4t. Besondere Vorsicht ist bei E-Mail-Anh\u00e4ngen geboten, die oft als Vehikel f\u00fcr Schadsoftware und damit f\u00fcr Angriffe von au\u00dfen genutzt werden. Dies betrifft auch alte Office-Formate wie .doc oder .xls. Diese Datei-Format sind \u00e4lter als das Jahr 2007 und werden sehr gerne von Hackern als Transport-Format f\u00fcr Viren und Cyberangriffe benutzt, z.B. getarnt als Rechnung, Scan oder Auftragsbest\u00e4tigung.<\/p>\n<p class=\"paragraph\"><b>Wir m\u00f6chten Sie daher dar\u00fcber informieren, dass die KIV Th\u00fcringen seit dem 01.01.2020 die folgenden alten Office-Formate beim E-Mail-Versand und \u2013Empfang blockiert und nicht \u00fcbermittelt:<\/b><\/p>\n<ul class=\"unordered-list\">\n<li class=\"list-item unordered-list-item\">doc<\/li>\n<li class=\"list-item unordered-list-item\">docm<\/li>\n<li class=\"list-item unordered-list-item\">xls<\/li>\n<li class=\"list-item unordered-list-item\">xlsm<\/li>\n<li class=\"list-item unordered-list-item\">ppt<\/li>\n<li class=\"list-item unordered-list-item\">pptm<\/li>\n<li class=\"list-item unordered-list-item\">pub<\/li>\n<\/ul>\n<p class=\"paragraph\">Angenommen werden ausschlie\u00dflich PDF- und MS-Office-Dokumente im neuen Dateiformat ohne Makros (docx, xslx, pptx).<\/p>\n","protected":false},"excerpt":{"rendered":"<p>Einschr\u00e4nkungen beim E-Mail-Empfang von Office-Dokumenten F\u00fcr die KIV Th\u00fcringen als zertifiziertes Rechenzentrum hat die Erhaltung des h\u00f6chsten IT-Sicherheitsniveaus die oberste Priorit\u00e4t. Besondere Vorsicht ist bei E-Mail-Anh\u00e4ngen geboten, die oft als Vehikel f\u00fcr Schadsoftware und damit f\u00fcr Angriffe von au\u00dfen genutzt&hellip;&nbsp;<a href=\"https:\/\/portal.kiv-thueringen.de\/web\/hinweis-zu-e-mail-anhaengen\/\" class=\"more-link\">weiterlesen<\/a><\/p>\n","protected":false},"author":6,"featured_media":0,"parent":0,"menu_order":0,"comment_status":"closed","ping_status":"closed","template":"","meta":{"footnotes":""},"class_list":["post-6007","page","type-page","status-publish","hentry"],"_links":{"self":[{"href":"https:\/\/portal.kiv-thueringen.de\/web\/wp-json\/wp\/v2\/pages\/6007","targetHints":{"allow":["GET"]}}],"collection":[{"href":"https:\/\/portal.kiv-thueringen.de\/web\/wp-json\/wp\/v2\/pages"}],"about":[{"href":"https:\/\/portal.kiv-thueringen.de\/web\/wp-json\/wp\/v2\/types\/page"}],"author":[{"embeddable":true,"href":"https:\/\/portal.kiv-thueringen.de\/web\/wp-json\/wp\/v2\/users\/6"}],"replies":[{"embeddable":true,"href":"https:\/\/portal.kiv-thueringen.de\/web\/wp-json\/wp\/v2\/comments?post=6007"}],"version-history":[{"count":1,"href":"https:\/\/portal.kiv-thueringen.de\/web\/wp-json\/wp\/v2\/pages\/6007\/revisions"}],"predecessor-version":[{"id":6008,"href":"https:\/\/portal.kiv-thueringen.de\/web\/wp-json\/wp\/v2\/pages\/6007\/revisions\/6008"}],"wp:attachment":[{"href":"https:\/\/portal.kiv-thueringen.de\/web\/wp-json\/wp\/v2\/media?parent=6007"}],"curies":[{"name":"wp","href":"https:\/\/api.w.org\/{rel}","templated":true}]}}